, 277
Let f(v) = -17*v + 272. Let r be f(35). Let j = 544 - r. What are the prime factors of j?
3, 17
Let m = -5688 - -6722. What are the prime factors of m?
2, 11, 47
What are the prime factors of (3/2)/(21/129878*1)?
9277
Suppose -2*b + 6*a - a = -116, 5*a = 4*b - 212. Suppose 0 = -4*z + 68 - b. Suppose -5 = -z*x, 0 = l + 3*l + 3*x - 635. List the prime factors of l.
2, 79
Let v(r) = -6 + 14*r**2 + 9*r - 13*r**2 + 13. Let y be v(6). Suppose 7*o - 1322 = -y. What are the prime factors of o?
5, 7
Suppose 39 = 2*t - 3*c, 15*t - 11*t - 48 = -4*c. Let f(k) = -k**3 + 14*k**2 + 36*k + 33. What are the prime factors of f(t)?
2, 3, 29
Let f(r) = r**3 + 7*r**2 - 4*r - 8. Let o be f(-7). Suppose -o*l = -24*l + 104. Suppose -j + l = j. What are the prime factors of j?
13
Let b = -128 - -128. Suppose 0*l = -b*l + 8*l. Suppose l = -5*y - 0*y + 955. What are the prime factors of y?
191
Let q = 90144 - 49657. What are the prime factors of q?
40487
Let l(c) be the first derivative of 28*c**2 + 8*c + 10. Let f be l(-2). Let w = f + 184. List the prime factors of w.
2, 5
Let j(u) = 797*u**3 + 18*u**2 - 27*u + 1. What are the prime factors of j(2)?
5, 1279
Suppose 0 = -4*l + 36 - 132. Let g = -50 - l. Let j = 45 + g. List the prime factors of j.
19
Let j(i) = 189*i - 901. List the prime factors of j(46).
7793
Let n = 40 - 25. What are the prime factors of 0 - (n/3 - 938)?
3, 311
Suppose -3*w - 7*t = -11*t - 38646, t - 25764 = -2*w. List the prime factors of w.
2, 3, 19, 113
Suppose 34*i = 35*i - 2*h - 3916, 5*i - 5*h = 19595. List the prime factors of i.
2, 37, 53
Suppose u + 127 = -4*o, 4*o + 52 = 3*u - 79. Let q = 36 + o. Suppose -g + 610 = q*g. List the prime factors of g.
2, 61
Let r = -43 + 122. Let l = 139 - r. List the prime factors of l.
2, 3, 5
Let u = -208 + 370. Suppose x = -3*t + u, -x + 142 = -2*t - 0*t. What are the prime factors of x?
2, 3, 5
Let r be (6/(-5))/(40/(-100)). Let s(i) = -21*i**2 - i**r - 9*i**2 + 29*i**2 - 18*i**2 - i + 26. List the prime factors of s(-19).
3, 5
Let p = 38599 - 8537. List the prime factors of p.
2, 15031
Suppose 0 = -2*n - 0*l + l + 1298, 646 = n - 2*l. Let h = -114 + n. What are the prime factors of h?
2, 67
What are the prime factors of ((-4725)/(-50))/((-1)/(-50))?
3, 5, 7
Suppose -2*p + s = 3*s - 840, -s - 3790 = -9*p. List the prime factors of p.
421
Suppose 3*a - 207*t + 202*t = 16266, 0 = -5*a + t + 27132. List the prime factors of a.
3, 67
Let g(w) = 3224*w**2 - 21*w - 19. List the prime factors of g(-1).
2, 1613
Let a be 2*20/8 + (4 - 3). Let z be (-26)/(-39) - (-86)/a. Suppose z*f - 315 = 10*f. List the prime factors of f.
3, 7
Let u = 3547 + -1440. Let r be (1/1)/(1/6). List the prime factors of r/8 + u/28.
2, 19
Let g be ((-716)/(-8) - -2)/((-3)/(-4)). Let v = g + -19. What are the prime factors of v?
103
Suppose -y = 3*q + 40, 4*q - 5*y + 3*y = -40. Let k be q/(-9 - -5 - (-154)/40). Suppose r = 78 + k. What are the prime factors of r?
2, 79
Let b = 1 - -1. Let k be 60/25*((-6)/18 - -2). What are the prime factors of b/k - (-217)/2?
109
Let f be (1388/1)/((-12)/264*-11). Suppose -2752 = -4*d + 2*c, -f = -4*d - 18*c + 14*c. List the prime factors of d.
2, 3, 5, 23
Let l(r) = r**3 + 7*r**2 + 10*r + 5. Let a be l(-5). Suppose 0*j + 1335 = 5*j + 5*o, 3*j = a*o + 793. List the prime factors of j.
2, 7, 19
Suppose n + 4 = 0, -3*n = 3*j - n + 14. Let i(t) = 2*t**2 + 3*t. Let z be i(j). Suppose 2*w - 372 = -z*m, 6*m - m = 5*w - 980. List the prime factors of w.
191
Let x(k) = k**3 + 11*k**2 + 6*k + 7. Let s be x(-7). Suppose 3*t = -2*t + 5, -5*t = 5*w - 1175. Let j = w - s. What are the prime factors of j?
73
Suppose -2*d - 3*m + 388 = 0, -5*d - 3*m = -160 - 828. Let p = 1 - -3. Suppose h + p*h = d. What are the prime factors of h?
2, 5
Suppose 10*n - n - n = 0. Suppose 0*i + 3*g = -2*i + 1100, 3*i - 4*g - 1684 = n. Suppose -i = -14*q - 122. What are the prime factors of q?
31
Let a(o) = 2866*o - 991. What are the prime factors of a(4)?
3, 3491
Suppose -9*y + 304 = -7*y. Let u be y/(-3) + 15/9 + -2. Let m = u - -73. What are the prime factors of m?
2, 11
Let a(p) = -3*p - 23 + 22 + 80*p**2 + 11*p**2. Let z be a(-2). Suppose -10*u + 71 = -z. What are the prime factors of u?
2, 11
Let c = -45 + 50. Suppose -2744 = -c*b - 3*b. What are the prime factors of b?
7
Let b(r) = -8*r**3 - 3*r**2 + 2*r - 1. Let w be b(2). Let c = w + 148. Suppose s + 4*a = -3*s + 332, -s + c = 3*a. What are the prime factors of s?
3, 29
Suppose 0 = -3*g - 4*p + 29574, 31*p - 36*p + 39433 = 4*g. What are the prime factors of g?
2, 4931
Suppose 2*y + 0 = -5*f + 10, -f = 4*y - 2. Let p = 1133 + -1021. Suppose -p = -y*t - 4*t. What are the prime factors of t?
2, 7
Let h be (12/14)/((-24)/(-84)). Suppose -3*q + h*a - 8 - 10 = 0, 3*q - 2*a = -15. What are the prime factors of q*((-4)/8*-2)/(-1)?
3
What are the prime factors of 6 + (293625/11 - (13 - (-2115)/(-165)))?
26699
Suppose -5*c - 133225 = -20*i, 4*i - 4*c = 20242 + 6418. List the prime factors of i.
2, 3, 5, 37
Let a(z) = 30*z**3 + 2*z**2 - 7*z - 7. Let m be a(-3). Let h = m - -1179. What are the prime factors of h?
401
Let a = -51 + 54. Let l be ((-1)/a)/((-1)/1245). Suppose -l = -8*z + 969. What are the prime factors of z?
173
Suppose -6*p = 3*j - p + 20, 0 = -4*j - p - 4. Suppose 2*h - 1978 = -4*u, j*u - 3*u + 1487 = -2*h. What are the prime factors of u?
3, 5, 11
Suppose -5*f - 7155 = -3*g, 0 = -5*f - 0 + 15. Suppose -11*z + g = -1570. List the prime factors of z.
2, 3, 5
Let g be (-18 - -24) + (1078 - 2). Let k = g + -671. List the prime factors of k.
3, 137
Suppose o - 233 = -0*o. Let a = 266 + 94. Let w = a - o. List the prime factors of w.
127
Let j = -13677 - -29244. List the prime factors of j.
3, 5189
Suppose 0 = 5*x - 10, 2*p - 4288 = 38*x - 35*x. Let d = p + -240. List the prime factors of d.
1907
Suppose -5*y - 53*r + 52*r + 37854 = 0, 3*r = -2*y + 15139. List the prime factors of y.
67, 113
Let j(g) = 5*g**2 + 76*g + 52. List the prime factors of j(-15).
37
Let k be 38*(-1)/((-8)/(-20)). Let q = 775 - k. What are the prime factors of q?
2, 3, 5, 29
Let k(m) = 52 + 52 + 18 + 21 + 12*m - 22. List the prime factors of k(-4).
73
Suppose 2*z = -o + 10, -2*z - 10 = -7*z + 5*o. Suppose m + 2 = 2*m, -z*t + 5*m = -1766. What are the prime factors of t?
2, 3, 37
Let j be ((-3)/2)/((-3)/10). Suppose 0 = 5*r + j*r - 230. Let l = r + -15. List the prime factors of l.
2
Let s(p) = -189*p - 21. Let d be s(-3). Let z = 267 - d. Let q = 486 + z. What are the prime factors of q?
3, 23
Suppose l + 2*i - 94 + 91 = 0, i + 3 = l. Suppose 0 = -4*o + 16, f + l*o = -o + 1428. List the prime factors of f.
2, 353
Let p(v) = -4*v**3 - 5*v**2 - 7*v + 8. Let g be p(-7). Suppose 13*s = 5*s + g. Suppose -4*r + 482 = o, 2*r - s = -2*o + 96. List the prime factors of r.
2, 3, 5
Let f(u) = -u**2 + 13*u - 21. Let i be f(11). Let j(d) = 1220*d**3 - 4*d**2 + 5*d - 3. What are the prime factors of j(i)?
2, 3, 7, 29
Let z be 6/36 - (-4)/((-96)/25396). Let u = 2066 + z. What are the prime factors of u?
2, 3, 7
Let j(f) be the first derivative of -3 + 9/2*f**2 - 44*f. List the prime factors of j(10).
2, 23
Let w(u) = 31*u - 2. Let a be w(-2). Let n be 2/(-15) + a/(-30). Suppose -5*g - o + 682 = 0, -3*g + 152 = -n*g - 5*o. List the prime factors of g.
137
Let z = 9771 + -6542. Suppose -z = -5*l + 3711. List the prime factors of l.
2, 347
Let d(v) = -2*v**2 + 11 - 9*v - 9*v**3 - 23*v**3 + 0*v + 38*v**3 - 4*v**2. What are the prime factors of d(5)?
2, 283
Let s(z) = -z**3 + 67*z**2 - 278*z - 27. List the prime factors of s(62).
19, 103
What are the prime factors of (6/(-15))/(51/(-38250))?
2, 3, 5
Let h = 48 + 1061. Let q = h + -477. What are the prime factors of q?
2, 79
Let j(d) = -3*d + 12. Suppose 0 = 6*z - 46 - 2. Let w be j(z). Let h(y) = y**2 + 7*y + 4. What are the prime factors of h(w)?
2
Suppose 0 = 7695*x - 7721*x + 830700. List the prime factors of x.
2, 3, 5, 71
What are the prime factors of 9*(3/42 - (-23382119)/3066)?
3, 137, 167
Let k be (-25)/(2*2/40). Suppose -159*f - 43668 + 64352 = -48799. Let b = f + k. List the prime factors of b.
11, 17
Suppose -6 = -3*w + w. Suppose w*t + 2*t - 1845 = 0. Suppose 72 = x + p, -5*x + t = -4*p - 0*p. What are the prime factors of x?
73
Let y be (20876*(-13)/2